{"id":180,"date":"2017-01-07T11:24:03","date_gmt":"2017-01-07T11:24:03","guid":{"rendered":"http:\/\/www.fotobuzzer.com\/?page_id=180"},"modified":"2017-01-07T12:02:08","modified_gmt":"2017-01-07T12:02:08","slug":"objektivauswahl","status":"publish","type":"page","link":"https:\/\/www.fotobuzzer.com\/?page_id=180","title":{"rendered":"Objektivauswahl"},"content":{"rendered":"<p>Normalerweise findet ein Weitwinkel-Objektiv Verwendung. Dieses l\u00e4sst sich problemlos tauschen: M\u00f6glich ist alles vom Fisheye-Objektiv bis hin zum 200 mm Teleobjektiv. <!--more--><\/p>\n<p>Dazu passend: auch der Buzzer l\u00e4sst sich problemlos mit \u00fcber 100 Metern Kabel anschlie\u00dfen. Wenn sie also eine ausgefallene Idee haben: wir finden gemeinsam die passende L\u00f6sung zu ihrer Idee.<\/p>\n<p><img loading=\"lazy\" decoding=\"async\" class=\"alignnone size-full wp-image-193\" src=\"https:\/\/www.fotobuzzer.com\/wp-content\/uploads\/2017\/01\/20170107-_DSC7036.jpg\" alt=\"\" width=\"1600\" height=\"1068\" srcset=\"https:\/\/www.fotobuzzer.com\/wp-content\/uploads\/2017\/01\/20170107-_DSC7036.jpg 1600w, https:\/\/www.fotobuzzer.com\/wp-content\/uploads\/2017\/01\/20170107-_DSC7036-300x200.jpg 300w, https:\/\/www.fotobuzzer.com\/wp-content\/uploads\/2017\/01\/20170107-_DSC7036-768x513.jpg 768w, https:\/\/www.fotobuzzer.com\/wp-content\/uploads\/2017\/01\/20170107-_DSC7036-1024x684.jpg 1024w\" sizes=\"auto, (max-width: 1600px) 100vw, 1600px\" \/><\/p>\n","protected":false},"excerpt":{"rendered":"<p>Normalerweise findet ein Weitwinkel-Objektiv Verwendung. Dieses l\u00e4sst sich problemlos tauschen: M\u00f6glich ist alles vom Fisheye-Objektiv bis hin zum 200 mm Teleobjektiv.<\/p>\n","protected":false},"author":1,"featured_media":193,"parent":0,"menu_order":0,"comment_status":"closed","ping_status":"closed","template":"page-templates\/template-portfolio.php","meta":{"footnotes":""},"class_list":["post-180","page","type-page","status-publish","has-post-thumbnail","hentry"],"_links":{"self":[{"href":"https:\/\/www.fotobuzzer.com\/index.php?rest_route=\/wp\/v2\/pages\/180","targetHints":{"allow":["GET"]}}],"collection":[{"href":"https:\/\/www.fotobuzzer.com\/index.php?rest_route=\/wp\/v2\/pages"}],"about":[{"href":"https:\/\/www.fotobuzzer.com\/index.php?rest_route=\/wp\/v2\/types\/page"}],"author":[{"embeddable":true,"href":"https:\/\/www.fotobuzzer.com\/index.php?rest_route=\/wp\/v2\/users\/1"}],"replies":[{"embeddable":true,"href":"https:\/\/www.fotobuzzer.com\/index.php?rest_route=%2Fwp%2Fv2%2Fcomments&post=180"}],"version-history":[{"count":3,"href":"https:\/\/www.fotobuzzer.com\/index.php?rest_route=\/wp\/v2\/pages\/180\/revisions"}],"predecessor-version":[{"id":198,"href":"https:\/\/www.fotobuzzer.com\/index.php?rest_route=\/wp\/v2\/pages\/180\/revisions\/198"}],"wp:featuredmedia":[{"embeddable":true,"href":"https:\/\/www.fotobuzzer.com\/index.php?rest_route=\/wp\/v2\/media\/193"}],"wp:attachment":[{"href":"https:\/\/www.fotobuzzer.com\/index.php?rest_route=%2Fwp%2Fv2%2Fmedia&parent=180"}],"curies":[{"name":"wp","href":"https:\/\/api.w.org\/{rel}","templated":true}]}}